 the prime factors of z.
3
Suppose g + 0*g + 3*h = -7, -h = -3*g - 1. Let l = 8 - g. What are the prime factors of l?
3
Suppose -n + 0*n + 10 = 0. Let b = n + 6. Suppose p = -p + b. List the prime factors of p.
2
Suppose -q + 5 = 4*q. List the prime factors of 4 + -1 + 9 + q.
13
Suppose 12 = 3*g, 3*g + 0*g = 2*p + 2. Let d = 26 - p. List the prime factors of d.
3, 7
Let h(g) be the first derivative of -g**2/2 + 2*g + 1. Let s be h(4). List the prime factors of (-102)/(-14) + s/7.
7
Let a = -3 - -8. Suppose 3*y + 5*i - 69 = 0, 8*y - 3*y - a*i - 75 = 0. What are the prime factors of y?
2, 3
Suppose -2*u + 70 + 120 = 0. What are the prime factors of u?
5, 19
Let h = -44 + 62. Suppose 5*j + 65 = -0*j. Let x = j + h. List the prime factors of x.
5
List the prime factors of (-12)/72 + 109/6.
2, 3
Let n(m) = 7*m + 7. Let i(x) = 11*x + 10. Let c(h) = 5*i(h) - 7*n(h). Let w be 4 - 0 - 2 - 1. What are the prime factors of c(w)?
7
Suppose -163 - 137 = -5*z. What are the prime factors of z?
2, 3, 5
Let w = 5 - 6. Let u be -1 - -2 - 10 - w. Let h(t) = t**3 + 8*t**2 + 4. What are the prime factors of h(u)?
2
Suppose -c - 4*u + 105 = 0, 272 + 43 = 3*c + 4*u. List the prime factors of c.
3, 5, 7
Let t(d) = d**3 - 4*d**2 + d + 1. Let z be t(4). Suppose -24 = -z*j + b, -3*j + 16 = -0*j + b. List the prime factors of j.
5
Let j(r) = -23*r + 1. What are the prime factors of j(-7)?
2, 3
Let w(d) = 3*d**2 - 4*d + 5. Let h(p) = -10*p**2 + 11*p - 15. Let c(n) = 2*h(n) + 7*w(n). List the prime factors of c(7).
2, 3
Let w(g) = -g**2 + 3*g**2 - 3*g**3 - 3*g**3. What are the prime factors of w(-2)?
2, 7
Let y(v) be the third derivative of v**6/120 - v**5/10 + v**4/24 - 2*v**2. Let p(d) = d**3 + 6*d**2 - 7*d + 6. Let g be p(-7). List the prime factors of y(g).
2, 3
Let t(l) = -l + 6. Let d be t(3). Suppose 5*p - 76 = -4*r, d*p = 3*r - 42 - 15. What are the prime factors of r?
19
Suppose 0 = -2*u - 5*p + 24 + 4, 4*p = -5*u + 36. List the prime factors of u.
2
Let m(i) = -i**3 - 5*i**2 + 10*i + 5. What are the prime factors of m(-7)?
3, 11
Suppose 4*i = 8*i - 84. List the prime factors of i.
3, 7
Let i(d) = d**3 + d**2 - d + 1. Let j be i(1). Suppose 5*b = j*b + 6. What are the prime factors of b?
2
Let v(f) = f - 2. Let z be v(4). Suppose -d = -z*d. Suppose -4*c + 25 + 15 = d. List the prime factors of c.
2, 5
Let z = -3 + 7. Suppose u - 2*i - i - 35 = 0, -u + 15 = i. Suppose 2*t = 6*t + u, 9 = -a - z*t. What are the prime factors of a?
11
Let t(d) = -20*d**2 - 12*d + 4. Let j(m) = 4 - 7*m**2 - 4*m - 4 + 1. Let a(z) = 17*j(z) - 6*t(z). What are the prime factors of a(-7)?
2, 7
Let l = -59 - -100. List the prime factors of l.
41
Let j be (1 + -1)/(4 + -5). Let c(w) = -3*w. Let z be c(-4). Suppose 3*f - 4*f + z = j. List the prime factors of f.
2, 3
Let v(r) = -4*r**2 + 6*r**3 + r**3 + 6 - r**3 - 7*r**3. List the prime factors of v(-5).
31
Let c = 946 + -567. List the prime factors of c.
379
Let k(g) = -14*g - 2. Suppose 3*i = u + 19 - 8, 3*i - 1 = -4*u. List the prime factors of k(u).
2, 13
Let q(u) = 2*u**3 - 7*u**2 + 3*u + 6. What are the prime factors of q(4)?
2, 17
Let w = -10 + 22. What are the prime factors of w?
2, 3
Let r = -15 + 13. List the prime factors of ((-4)/r - -1) + 26.
29
Let g(o) = 7*o + 7. Let y be g(-6). Let z = 59 + y. List the prime factors of z.
2, 3
Let l = -92 + 428. List the prime factors of l.
2, 3, 7
Suppose a - 58 = v, 0*v + 198 = 3*a + 5*v. Suppose -5*p + 26 = -c + a, 4*p - 233 = -5*c. What are the prime factors of c?
3, 5
Let w(s) = -2*s + 6. Let f be w(7). Let j(x) = -x**3 - 9*x**2 - 9*x - 6. What are the prime factors of j(f)?
2
Suppose 3*u = 7*u - 48. Let n = -8 + u. Suppose -83 + 11 = -n*p. List the prime factors of p.
2, 3
Let f = 28 - -132. List the prime factors of f.
2, 5
Let m(u) = -2*u**3 + 4*u**2 - u + 3. Let c be m(3). Let f = 13 + c. What are the prime factors of f/((-20)/(-3))*-12?
3
Let l be (2 + -3 - 3)*-1. What are the prime factors of (-305)/(-10) + 2/l?
31
Let g = -5 - -7. Let p be (-3)/g + 4/(-8). List the prime factors of (-9)/(2 + p + -1).
3
Let v = -13 - -9. List the prime factors of v/16 - (-82)/8.
2, 5
Suppose -2*h - 29 = -5*f, 2*h = f + 6 - 15. Let g be (-107)/h - 1/(-2). Suppose 4*o - g = o. List the prime factors of o.
2, 3
Let j(r) = -r + 6. Let z be j(5). What are the prime factors of (15/20)/(z/12)?
3
Let g(r) = -3*r**2 + 13*r + 4. Let f(t) = -t**2 + t. Let b(o) = 4*f(o) - g(o). Let n(x) = -x**3 + 2*x**2 + 2. Let a be n(3). What are the prime factors of b(a)?
2, 5
Let r = -15 - -18. Suppose 2*o = -5*v + 2*v + 61, -4*o + 65 = r*v. List the prime factors of v.
19
Suppose -136 = -7*g - 52. What are the prime factors of g?
2, 3
Suppose 0 - 10 = -5*z. Suppose z*v - 7*v + 115 = 0. List the prime factors of v.
23
Let u(x) = x**3 - 6*x**2. Let q be u(6). Suppose a + a = q. Suppose 5*v - 1 - 54 = a. What are the prime factors of v?
11
Let a = -7 - -16. List the prime factors of a.
3
Let b(m) = -26*m. List the prime factors of b(-1).
2, 13
Suppose 11*g - 22*g = -2299. List the prime factors of g.
11, 19
Suppose -g - 3*g + 5*x - 35 = 0, -2*g = x + 7. List the prime factors of (14/g)/(4/(-20)).
2, 7
Let g(o) = -o + 5. Let n be g(-7). List the prime factors of 224/n + (-4)/6.
2, 3
Let v = -14 - -8. Let i = v + 15. List the prime factors of i.
3
Suppose -3*i - 62 + 584 = 0. What are the prime factors of i?
2, 3, 29
Let c = 3 - 3. Let i = 5 - c. List the prime factors of i.
5
Let u(o) = 2*o. Let d be u(1). Suppose d*w = 4*w - 4. List the prime factors of w.
2
Suppose -4 = 3*a - 16, -4*m - 2*a + 232 = 0. What are the prime factors of m?
2, 7
Suppose 3*o = -2*a + 22, o + a + 2 = 5*a. Let g be (4/o)/((-10)/(-45)). Suppose -g*d + 3 = 2*y, 0 = -3*y + d + d + 37. What are the prime factors of y?
3
What are the prime factors of 21 + (1 + 8/(-4))*0?
3, 7
Suppose -3*g + 1 = -8. What are the prime factors of g*5/((-60)/(-56))?
2, 7
Let b = -49 - -82. Suppose -22*w + 25*w - b = 0. What are the prime factors of w?
11
Let n = -51 - -160. List the prime factors of n.
109
Suppose -f = -u + 69, -5*u - 72 = -6*u - 2*f. What are the prime factors of u?
2, 5, 7
List the prime factors of 1/((3 + 1468/(-488))/(-1)).
2, 61
Let q(i) = i**3 - 3*i**2 - 4*i + 1. Let o be q(4). Suppose y - 10 + o = 0. What are the prime factors of y?
3
Let n(d) = d**2 + 5*d + 8. Let c be n(-6). Let g = c + -10. Suppose -p - 4 = 4*w, 3*p - 44 = -p + g*w. List the prime factors of p.
2
Suppose 3*k - 235 = -4*g, 0*k - g = -3*k + 230. What are the prime factors of k?
7, 11
Let p be (0 - -1)/(-1 - -2). Let d(n) = 13*n**3 + n. List the prime factors of d(p).
2, 7
Let s(v) = v - 2. Let q be s(2). Let l be 2 + 2 + q - -1. Suppose 2*f - 14 = 5*m, l*f + 0*m - 35 = -m. List the prime factors of f.
7
Let v be (8/(-10))/(8/(-80)). Suppose 49 = 2*h + 3*r, 0 = 5*h + v*r - 3*r - 130. List the prime factors of h.
29
List the prime factors of (13 + (-3 - -4))*4.
2, 7
Let u be -41 + (3 - 0)/(-3). What are the prime factors of (u/(-30))/(2/10)?
7
Suppose b + 4*i + 17 = -0*b, -4*b + 8 = -3*i. Let a = b + 7. List the prime factors of a.
2, 3
Suppose 0 = 2*n + 2*n - 64. What are the prime factors of n?
2
Suppose 3*l - 4 - 8 = -3*k, 4*k + 5*l = 18. Let t = k - 2. List the prime factors of (-1)/((-1)/(5 + t)).
5
Suppose 0*v + 5 = 5*v. Suppose 0 = -5*o - v + 11. What are the prime factors of o?
2
Let a(s) = -s**3 + 7*s**2 - s + 10. Let b be a(7). Suppose 0 = h - 4*n - 23, -n - 10 = -b*h + 15. What are the prime factors of h?
7
Let o be (-1)/(57/18 - 3). List the prime factors of (-100)/o + 6/(-9).
2
What are the prime factors of (-2)/8 - (1995/(-4))/7?
71
What are the prime factors of (2 + 0)/((-6)/(-165))?
5, 11
Suppose 11*k - 490 = 4*k. What are the prime factors of k?
2, 5, 7
Let u be (12/(-18))/(2/(-42)). Suppose 0 = 2*q - 0*q - u. List the prime factors of q.
7
Suppose -4*j = -5*h + 86 - 341, j - 48 = -4*h. List the prime factors of j.
2, 3, 5
Let b(n) = n**2 - 6*n + 3. Let d be b(6). Suppose 2 = s, -s + 23 = 3*p + d. List the prime factors of (-20)/p*36/(-15).
2
Let a(x) be the second derivative of -x**7/2520 + 7*x**6/720 - x**5/40 + x**4/6 + 2*x. Let y(g) be the third derivative of a(g). List the prime factors of y(6).
3
Let q(h) = -2*h - 3. List the prime factors of q(-4).
5
Suppose